 What is the greatest common factor of s and 22?
11
Let i = -7048 + 7045. Let f(n) be the first derivative of -n**4/4 - n**3/3 - n**2/2 - 3*n + 1. Let t be f(i). What is the greatest common factor of t and 18?
18
Let b = -315 + 315. Suppose b = -251*o + 244*o + 98. What is the greatest common divisor of o and 91?
7
Suppose c + c = -34. Let j = 8 + c. Let k(f) = f**3 + 9*f**2 - f + 7. Let w be k(j). Calculate the highest common factor of 16 and w.
16
Let a(l) = 4*l**3. Let q(r) = r**2 + 8*r - 7. Let f be q(-9). Let g be a(f). Calculate the highest common factor of 160 and g.
32
Let x(y) = -y**3 + 42*y**2 - 344*y + 109. Let j be x(12). Calculate the greatest common divisor of 217 and j.
7
Let b(r) = r + 7. Let m be b(-5). Suppose m*k = 5*k. Suppose k*n - n = 5*d + 10, 3*n = 3*d + 60. Calculate the highest common factor of n and 15.
15
Let l be -5 + 2 + (83 - -48). What is the highest common divisor of l and 784?
16
Let j(t) = -3*t**3 + 49*t**2 - 14*t + 34. Suppose 38 = -3*l + 86. Let d be j(l). What is the highest common divisor of 22 and d?
22
Suppose 83678 = 52*b - 37*b + 28*b. Calculate the highest common divisor of b and 112.
14
Let r be -6*32/(-48) - (-12)/(9/3). What is the greatest common divisor of r and 13256?
8
Suppose -2*t = 3*t - 95. Let z be 24/36 + 4/(-6) - -3. Suppose -z*s + 4*o = -220, -5*o = -o - 8. What is the highest common divisor of t and s?
19
Let f be (3 + 2)/((-9)/(-27)). Let c = 23 - f. What is the highest common factor of c and 20?
4
Suppose 5*y = 2*h + 44, 6*y + 4*h - 8 = 4*y. Suppose 11*i - 22*i = -1672. Calculate the greatest common factor of i and y.
8
Let r be (-293)/(-9) - 48/(-108). Let h = r + -29. Let q(u) = -u**3 + 6*u**2 - 4*u - 1. Let a be q(h). Calculate the highest common factor of a and 9.
3
Let x(q) = -2*q**2 + 184*q - 1864. Let k be x(73). What is the highest common divisor of k and 1645?
35
Suppose -q - 34*q = -735. Suppose -q*t = -13*t - 1248. Calculate the highest common divisor of 12 and t.
12
Suppose 25 - 937 = -66*m + 42*m. What is the greatest common factor of m and 138?
2
Let c = 3223 + -3103. Calculate the greatest common divisor of 160 and c.
40
Let u = 89 - 90. Let c(q) = 505*q**2 + 7*q + 9. Let m be c(u). What is the highest common divisor of 39 and m?
39
Suppose -2*v - 10*k + 1 = -5*k, 4*k + 7 = v. Suppose 0 = 3*i - 5*u - 66 - 24, v*i - 102 = u. What is the highest common divisor of i and 595?
35
Let y be (183 + -18)*52/10. Let g = y + -853. Calculate the greatest common factor of g and 145.
5
Let g(t) = 203*t**2 - 40*t - 49. Let m be g(5). Calculate the greatest common factor of m and 38.
38
Let m(l) = -l**2 - 2*l - 3. Let x be m(-3). Let i be (-3)/x + 423/18. Suppose 28*h - 48 = i*h. Calculate the highest common factor of 84 and h.
12
Let h = 7362 - 7274. Let o be 20/(5 + -2 + -1). Suppose -2*y + 26 = o. Calculate the greatest common factor of h and y.
8
Let r = -1274 - -2498. Suppose 11*l - r = 9*l. Calculate the highest common factor of 36 and l.
36
Let b = 495 - 756. Let c be (-4118)/b + 4/18. Let l be (176/(-6))/((-2)/12). What is the highest common divisor of c and l?
16
Suppose -2*z + 7*z - 200 = 0. Let g = -70 - 129. Let j = -139 - g. Calculate the greatest common divisor of j and z.
20
Let k = -1043 + 1046. Calculate the greatest common divisor of 89 and k.
1
Suppose -2*d - 11 = -5*y + 14, 4*d = 2*y - 26. Suppose -n = 2*w - 143, -14 - 45 = -w + 2*n. What is the highest common factor of w and y?
3
Let f(g) = -7*g + 49. Let l = -3 - -17. Let n be f(l). Let k = -43 - n. Calculate the highest common factor of 9 and k.
3
Suppose -7*t + 539 - 119 = 8*t. Let u be 0/2 - 168/(-2). Calculate the highest common divisor of u and t.
28
Let o = -315 + 319. Suppose o*j = 2*n + 589 + 643, -628 = -2*j - 2*n. What is the greatest common factor of j and 30?
10
Let x be (34/5)/((444/6216)/(5/7)). Calculate the highest common factor of 2074 and x.
34
Let c(m) = 9*m**2 + 199*m - 174. Let i be c(-23). What is the greatest common divisor of 1600 and i?
10
Suppose 5*h - 2*c = 93, 4*h + 2*c + 27 = 105. Suppose 2*w + h = r, 5*w - 16 - 4 = -5*r. What is the greatest common factor of 261 and r?
9
Suppose -4*t = 31 - 55. Suppose 3*o - 234 = -t*o. Calculate the highest common divisor of o and 4.
2
Let t(r) = -83*r + 24. Let o be t(-4). Let b = o + -344. Let i be 10 - (2 - (-2 - -2)). What is the greatest common divisor of i and b?
4
Suppose 3*o = -0*o - 4*x + 6377, 0 = o - x - 2135. Suppose 0 = -23*r - o + 10825. Calculate the greatest common divisor of r and 27.
27
Suppose s = -8*r + 5*r + 324, s - 327 = -4*r. Let x(i) = i**3 - i + 35. Let m be x(0). What is the highest common divisor of s and m?
35
Let m = -9721 + 10416. Calculate the greatest common factor of m and 5.
5
Suppose -4*z = f - 45, -115*z + 119*z - 111 = -3*f. Let n be (-136)/(-6) - (-4)/(-6). Calculate the highest common factor of f and n.
11
Suppose -2*c = 9*j - 5*j - 80, 5*j = 4*c + 126. Calculate the greatest common factor of j and 209.
11
Let s(d) be the first derivative of d**3/3 + 2*d**2 - 16*d + 13. Let v be s(-7). Suppose -v*u + 75 = 15. What is the greatest common factor of 108 and u?
12
Let n(q) = -q**2 - 3*q + 97. Let t be n(0). Suppose -11*k = -t - 68. Calculate the highest common divisor of k and 195.
15
Suppose -2*n = 13 + 15. Let s(a) = -6*a - 45. Let k be s(n). Suppose -41 = -4*f - 5*g, 7*f + g - k = 4*f. What is the highest common factor of 35 and f?
7
Suppose 0 = 3*v - 7*v + 2832. Let q be 927/39 + (-18)/(-78). What is the greatest common factor of q and v?
12
Suppose -1092 = -2*b + 5*o, -10*o - 1052 = -2*b - 15*o. What is the highest common factor of b and 737?
67
Suppose -4*x - 2*x = -4*x. Let v = x + 48. Calculate the greatest common divisor of 12 and v.
12
Let x = -378 + 165. Let r = 473 + x. Suppose -593 = -6*p + 31. What is the greatest common divisor of r and p?
52
Let q(f) = -7*f**2 - 2*f + 5. Let n be q(5). Let d be (6 + (-128)/20)/(1/n). Let w = 23 - 14. Calculate the greatest common divisor of d and w.
9
Let w = -441 + 437. Let o be (-1)/w*2433 + (-21)/84. Calculate the highest common divisor of 19 and o.
19
Suppose 29 = 3*l - 4*d, -4*l = -40*d + 38*d - 52. What is the highest common divisor of l and 3240?
15
Suppose 0 = 62*l - 74*l + 936. Calculate the greatest common factor of l and 286.
26
Suppose 9*r - 4*r - 105 = 4*r. Let d(g) = -g**2 + 13*g. Let j be d(7). What is the greatest common factor of r and j?
21
Let b(v) = 7*v - 37. Let c be b(6). Suppose 0 = c*m + 10 - 60. What is the greatest common divisor of 65 and m?
5
Let c(k) = -9*k - 4. Let b be c(-4). Suppose 79*i - 1848 = 13*i + 45*i. Calculate the greatest common divisor of i and b.
8
Let i(b) = 2*b**2 + 2*b - 1. Let x(f) = f**2 - 2*f - 26. Let q be x(6). Let n be i(q). What is the greatest common factor of 4 and n?
1
Let y(s) = -584*s + 5391. Let p be y(9). Calculate the greatest common divisor of p and 1830.
15
Let r(s) = 2*s**2 + 29*s - 65. Let z be -20 - ((-4)/(-38) - 518/(-133)). Let d be r(z). What is the highest common factor of d and 23?
23
Let l be ((-30)/8)/(1/(-8)). Suppose 18 + 141 = 3*o. Let n = o + -33. Calculate the highest common divisor of n and l.
10
Suppose 91*g - 1907 - 1425 = -56. Calculate the highest common factor of 5388 and g.
12
Let m = -141 - -160. Suppose 14*h + 671 = 2*j + m*h, -2*h - 1605 = -5*j. What is the highest common divisor of 19 and j?
19
Suppose -100*z + 109*z = 3627. What is the highest common factor of 93 and z?
31
Let f(o) = 421*o**2 + o - 2. Let g be f(1). Let p = 189 - 186. Suppose -g = p*t - 8*t. Calculate the highest common divisor of t and 12.
12
Suppose -90*q + 59070 = -79*q. Calculate the highest common divisor of 60 and q.
30
Suppose 53 = p + 8. Let m = 500 - 495. Calculate the greatest common divisor of p and m.
5
Let t(o) = -o**2 - 2*o + 5. Let d be t(-3). Suppose 2*b + d*i = 5*b - 128, 168 = 4*b - 2*i. What is the greatest common factor of 152 and b?
8
Let d(t) = 32*t**2 - 98*t + 62. Let z be d(-12). Calculate the greatest common factor of z and 316.
158
Suppose -4*j + 40 = -4*a, 4*a - 26 = -14*j + 12*j. Calculate the greatest common factor of j and 1859.
11
Let m(f) = f**3 - 26*f**2 + 26*f - 9. Let x be m(25). What is the highest common factor of 752 and x?
16
Suppose f - z = -3*f + 2018, -2*z = 5*f 